t is 10110011000101101101010111 - 10?
10110011000101101101010101
In base 15, what is 30 - -a5b9b?
a5bcb
In base 13, what is -aca - -3a?
-a90
In base 16, what is -6a40b - -19?
-6a3f2
In base 2, what is -1011 - -110110000010100010?
110110000010010111
In base 14, what is 48 + 8183b?
81885
In base 14, what is -d2 - 180b8?
-181aa
In base 4, what is -13000 + 11222202?
11203202
In base 6, what is -524450 - 3110?
-532000
In base 16, what is -1ca + -ffbd?
-10187
In base 15, what is d1d + -25137?
-24319
In base 9, what is -72 + 77506?
77424
In base 13, what is 1996279 + 5a?
1996306
In base 9, what is -27587651 + -4?
-27587655
In base 6, what is -1121144 - -1045?
-1120055
In base 15, what is da - 2259?
-216e
In base 3, what is 110012221122 - -120111?
110020112010
In base 6, what is -10 - 1041254322?
-1041254332
In base 14, what is -33 - -2b974d?
2b971a
In base 7, what is -31506026 + -40?
-31506066
In base 10, what is -107248 - 650?
-107898
In base 16, what is -75881b0 - 0?
-75881b0
In base 9, what is -8530 - 1616?
-11246
In base 7, what is 33016412 + 40?
33016452
In base 7, what is 1 + 223060331?
223060332
In base 16, what is -4963d6 + c?
-4963ca
In base 9, what is -38158212 - -6?
-38158205
In base 6, what is -13355 + 13340?
-15
In base 13, what is 1 + -4617142?
-4617141
In base 4, what is 1002021 + 23021?
1031102
In base 5, what is 21030100322 + -3?
21030100314
In base 6, what is -1 - 33040142504?
-33040142505
In base 7, what is -6551 - 2650641?
-2660522
In base 6, what is 10312 - 123242?
-112530
In base 3, what is 11011101102 - -2000022?
11020101201
In base 8, what is -126773 - 1410?
-130403
In base 9, what is -5361823 - 31?
-5361854
In base 9, what is 31667 + 2402?
34170
In base 11, what is 17255432 + -5?
17255428
In base 14, what is -4 + -29594b2?
-29594b6
In base 14, what is -12908 - -87?
-12861
In base 2, what is -1101000 - 100110010100001100?
-100110010101110100
In base 6, what is -425224411 - -5?
-425224402
In base 8, what is 0 - 21156271?
-21156271
In base 10, what is -93937121 - -4?
-93937117
In base 15, what is 24 - 1b6777?
-1b6753
In base 6, what is -150 + -10212325?
-10212515
In base 3, what is 2102101001 - -111000?
2102212001
In base 5, what is -1034 + -10020411?
-10022000
In base 6, what is -15514 - 1524?
-21442
In base 14, what is -3 + -656488?
-65648b
In base 4, what is 201321033 - -2012102?
203333201
In base 14, what is -1030ac + -cc?
-10319a
In base 14, what is -7892 + -98?
-794a
In base 5, what is 240103303403 - -4?
240103303412
In base 8, what is 2715700003 + 3?
2715700006
In base 12, what is 8 - 488381?
-488375
In base 15, what is 11521 - 898?
10b78
In base 3, what is 210201020 - -1222?
210210012
In base 15, what is b3557 - -2c7?
b382e
In base 11, what is -16 - 56407?
-56422
In base 6, what is -151403234 + 11?
-151403223
In base 3, what is 111022010 - 12201010?
21121000
In base 11, what is 74125142 - 5?
74125138
In base 11, what is -186658 + 14?
-186644
In base 8, what is 32 + 202342?
202374
In base 7, what is 0 - -34415516?
34415516
In base 2, what is -1111011 + 1001010011010?
1001000011111
In base 12, what is 432 + -4ba6b?
-4b639
In base 4, what is -1102031 + -1303110?
-3011201
In base 12, what is 29a35030 + -5?
29a35027
In base 2, what is -1001001010011110110110010 - 100101?
-1001001010011110111010111
In base 10, what is -209811 - 152?
-209963
In base 3, what is -2 + -2111122111200200?
-2111122111200202
In base 10, what is 23 - -4692173?
4692196
In base 7, what is 140 + 563430?
563600
In base 3, what is -11200122 + 110010?
-11020112
In base 3, what is 22222022102 - 1010100?
22221012002
In base 16, what is 1a78 + f4b?
29c3
In base 2, what is -11 + -10001001101011101010110110?
-10001001101011101010111001
In base 14, what is 50 - 7c68d?
-7c63d
In base 13, what is 314cb - 304?
311c7
In base 6, what is 4354432 + 423?
4355255
In base 5, what is -1210022420021 + 1?
-1210022420020
In base 11, what is -426a34 - -23?
-426a11
In base 2, what is -10001110010110000001010 + 110?
-10001110010110000000100
In base 3, what is -11001 - 20000111011201?
-20000111022202
In base 12, what is -4 + 909416?
909412
In base 7, what is 3 + -2252565565?
-2252565562
In base 15, what is -4 - 106b00?
-106b04
In base 8, what is 2 - -174066074?
174066076
In base 5, what is 20104 + -1010114?
-440010
In base 8, what is -44 - -111011407?
111011343
In base 14, what is 56 + -5b7c5?
-5b76d
In base 2, what is -10100 - -10010010111111010?
10010010111100110
In base 12, what is 31 - -1369ab?
136a20
In base 10, what is -550183456 - 3?
-550183459
In base 7, what is 1064 - -504225?
505322
In base 6, what is -205240324 + 3?
-205240321
In base 15, what is 14b4a + 1c7?
14d22
In base 12, what is 862646 + 10?
862656
In base 13, what is -65a1a70a - 5?
-65a1a712
In base 12, what is -2b71 - 12b?
-30a0
In base 15, what is -120c96c8 + -3?
-120c96cb
In base 16, what is 654e51 + -83?
654dce
In base 12, what is -1 + 10978304?
10978303
In base 16, what is 1ae3af7 - -2?
1ae3af9
In base 13, what is -2 - 5831906?
-5831908
In base 6, what is -51045223 - -104?
-51045115
In base 12, what is -6365a541 - 5?
-6365a546
In base 9, what is 12208005 + -2?
12208003
In base 16, what is -113 + 4370?
425d
In base 10, what is -27305569 + 3?
-27305566
In base 5, what is 1 + -20230232222?
-20230232221
In base 16, what is 3 - -3ec545?
3ec548
In base 9, what is 15112722 + -2?
15112720
In base 15, what is -4 - 50089dc?
-50089e1
In base 8, what is 314261727 - -5?
314261734
In base 4, what is -103003330302 + -3?
-103003330311
In base 10, what is -13357356 + -32?
-13357388
In base 15, what is 46ba + -1d4?
44d6
In base 2, what is -11101010110000110 - 101101001?
-11101011011101111
In base 14, what is 22 - cbdc?
-cbba
In base 14, what is -899ad1 + 13?
-899abc
In base 11, what is -145089 - 14?
-1450a2
In base 14, what is 3b + 1d02?
1d3d
In base 2, what is -111000010010000 - 11101110010?
-111100000000010
In base 11, what is -2 - 11499351?
-11499353
In base 12, what is -18 + -406769?
-406785
In base 11, what is -a9090 + 880?
-a8310
In base 13, what is -4 - 371a06?
-371a0a
In base 5, what is 11300402 - 341?
11300011
In base 9, what is 28312004 - -1?
28312005
In base 6, what is -2342301 + 0?
-2342301
In base 2, what is 100001001110111101001110011000 - -1?
100001001110111101001110011001
In base 2, what is -100110011 + -100101000001110100?
-100101000110100111
In base 10, what is -761773565 + -4?
-761773569
In base 7, what is -265 - 24504231?
-24504526
In base 10, what is 7 + 543775?
543782
In base 16, what is 265acb + -9?
265ac2
In base 11, what is 152052 - -13?
152065
In base 6, what is -34 + -254342532?
-254343010
In base 9, what is 215 - -652852?
653167
In base 4, what is 11013 + -332321?
-321302
In base 8, what is 15 + -36141215?
-36141200
In base 13, what is 210cb0 + -13?
210c9a
In base 14, what is 286c - 8082?
-5614
In base 10, what is 422474 - -1?
422475
In base 4, what is -1 + 131001023032?
131001023031
In base 9, what is 67 + 353883?
354061
In base 3, what is -1 + 21210212200012?
21210212200011
In base 3, what is 100222221 - 2210102102?
-2102102111
In base 4, what is 2012 + 23323232?
23331310
In base 10, what is 72 - 506615?
-506543
In base 2, what is 1101010000001110110 - 111111100?
1101001111001111010
In base 16, what is d0f8 - -24?
d11c
In base 8, what is -1114620 - 11?
-1114631
In base 4, what is -3121 - -1123231220?
1123222033
In base 8, what is 72620 - 346?
72252
In base 2, what is -100011001 - -1000110101110111?
1000110001011110
In base 10, what is -184505 - -448?
-184057
In base 10, what is -17527087 - -2?
-17527085
In base 14, what is -9a3 + -1559?
-211c
In base 8, what is 17343701 - 12?
17343667
In base 6, what is -3 + -235412402?
-235412405
In base 11, what is -1290aa44 + 4?
-1290aa40
In base 11, what is -85943742 + -1?
-85943743
In base 16, what is -5f96 + -8f?
-6025
In base 8, what is -4 - 347422?
-347426
In base 14, what is -796 + 3d7?
-39d
In base 13, what is 9 - -5364868?
5364874
In base 10, what is 1861 - 20481?
-18620
In base 8, what is 11247 - 6124?
3123
In base 9, what is 13610 + -7708?
4801
In base 11, what is -10726 - -100?
-10626
In base 14, what is -2 + -10ac0aa?
-10ac0ac
In base 7, what is -4320160 - 0?
-4320160
In base 8, what is -10 - 30763372?
-30763402
In base 15, what is 4deadc + 2e?